78 is divided by 205.
33
Calculate the remainder when 585 is divided by 231.
123
What is the remainder when 967 is divided by 195?
187
What is the remainder when 127 is divided by 72?
55
What is the remainder when 123 is divided by 40?
3
Calculate the remainder when 1642 is divided by 326.
12
Calculate the remainder when 1545 is divided by 31.
26
What is the remainder when 2694 is divided by 670?
14
Calculate the remainder when 258 is divided by 6.
0
Calculate the remainder when 413 is divided by 85.
73
Calculate the remainder when 42 is divided by 37.
5
What is the remainder when 76 is divided by 42?
34
Calculate the remainder when 455 is divided by 17.
13
What is the remainder when 3780 is divided by 88?
84
What is the remainder when 223 is divided by 20?
3
What is the remainder when 299 is divided by 24?
11
What is the remainder when 187 is divided by 29?
13
Calculate the remainder when 164 is divided by 14.
10
What is the remainder when 2961 is divided by 11?
2
Calculate the remainder when 86 is divided by 45.
41
What is the remainder when 318 is divided by 80?
78
Calculate the remainder when 329 is divided by 34.
23
Calculate the remainder when 12010 is divided by 364.
362
What is the remainder when 16 is divided by 9?
7
Calculate the remainder when 4182 is divided by 24.
6
What is the remainder when 2820 is divided by 113?
108
What is the remainder when 3493 is divided by 13?
9
Calculate the remainder when 277 is divided by 8.
5
What is the remainder when 600 is divided by 195?
15
What is the remainder when 537 is divided by 54?
51
What is the remainder when 203 is divided by 17?
16
What is the remainder when 1678 is divided by 836?
6
Calculate the remainder when 246 is divided by 92.
62
What is the remainder when 112 is divided by 23?
20
What is the remainder when 256 is divided by 30?
16
What is the remainder when 323 is divided by 9?
8
Calculate the remainder when 116 is divided by 11.
6
Calculate the remainder when 116 is divided by 26.
12
What is the remainder when 293 is divided by 282?
11
What is the remainder when 776 is divided by 76?
16
Calculate the remainder when 3998 is divided by 26.
20
What is the remainder when 100 is divided by 26?
22
What is the remainder when 173 is divided by 4?
1
Calculate the remainder when 5300 is divided by 51.
47
Calculate the remainder when 312 is divided by 107.
98
Calculate the remainder when 1107 is divided by 79.
1
Calculate the remainder when 117 is divided by 15.
12
Calculate the remainder when 116 is divided by 29.
0
What is the remainder when 269 is divided by 68?
65
What is the remainder when 273 is divided by 64?
17
Calculate the remainder when 177 is divided by 12.
9
Calculate the remainder when 112 is divided by 41.
30
Calculate the remainder when 116 is divided by 19.
2
What is the remainder when 3917 is divided by 112?
109
What is the remainder when 71 is divided by 31?
9
What is the remainder when 114 is divided by 37?
3
What is the remainder when 309 is divided by 9?
3
Calculate the remainder when 347 is divided by 44.
39
What is the remainder when 24823 is divided by 12?
7
What is the remainder when 187 is divided by 63?
61
Calculate the remainder when 189 is divided by 3.
0
Calculate the remainder when 62 is divided by 50.
12
Calculate the remainder when 58 is divided by 40.
18
Calculate the remainder when 1747 is divided by 103.
99
What is the remainder when 745 is divided by 651?
94
What is the remainder when 189 is divided by 33?
24
What is the remainder when 1020 is divided by 508?
4
What is the remainder when 599 is divided by 40?
39
Calculate the remainder when 1007 is divided by 159.
53
What is the remainder when 1038 is divided by 87?
81
What is the remainder when 78 is divided by 47?
31
Calculate the remainder when 183 is divided by 29.
9
What is the remainder when 311 is divided by 14?
3
What is the remainder when 32 is divided by 10?
2
What is the remainder when 13 is divided by 7?
6
What is the remainder when 1019 is divided by 109?
38
What is the remainder when 448 is divided by 25?
23
What is the remainder when 1668 is divided by 51?
36
Calculate the remainder when 223 is divided by 45.
43
What is the remainder when 61 is divided by 13?
9
Calculate the remainder when 1637 is divided by 14.
13
What is the remainder when 191 is divided by 91?
9
What is the remainder when 287 is divided by 14?
7
Calculate the remainder when 228 is divided by 59.
51
What is the remainder when 788 is divided by 44?
40
Calculate the remainder when 515 is divided by 44.
31
What is the remainder when 22 is divided by 12?
10
Calculate the remainder when 450 is divided by 114.
108
What is the remainder when 210 is divided by 63?
21
What is the remainder when 179 is divided by 50?
29
What is the remainder when 571 is divided by 32?
27
Calculate the remainder when 4526 is divided by 15.
11
What is the remainder when 893 is divided by 25?
18
What is the remainder when 555 is divided by 3?
0
What is the remainder when 5769 is divided by 16?
9
Calculate the remainder when 1343 is divided by 96.
95
What is the remainder when 310 is divided by 141?
28
What is the remainder when 1247 is divided by 176?
15
What is the remainder when 1854 is divided by 235?
209
Calculate the remainder when 171 is divided by 59.
53
What is the remainder when 291 is divided by 3?
0
What is the remainder when 274 is divided by 65?
14
Calculate the remainder when 604 is divided by 38.
34
What is the remainder when 985 is divided by 21?
19
What is the remainder when 212 is divided by 102?
8
Calculate the remainder when 296 is divided by 75.
71
Calculate the remainder when 2662 is divided by 37.
35
What is the remainder when 143 is divided by 74?
69
Calculate the remainder when 1812 is divided by 122.
104
What is the remainder when 161 is divided by 22?
7
What is the remainder when 12123 is divided by 25?
23
What is the remainder when 572 is divided by 74?
54
Calculate the remainder when 851 is divided by 238.
137
What is the remainder when 176 is divided by 81?
14
What is the remainder when 4972 is divided by 25?
22
Calculate the remainder when 31 is divided by 19.
12
What is the remainder when 43 is divided by 5?
3
What is the remainder when 369 is divided by 132?
105
Calculate the remainder when 2622 is divided by 16.
14
What is the remainder when 481 is divided by 80?
1
Calculate the remainder when 489 is divided by 84.
69
What is the remainder when 229 is divided by 9?
4
Calculate the remainder when 160 is divided by 131.
29
What is the remainder when 708 is divided by 10?
8
Calculate the remainder when 445 is divided by 151.
143
Calculate the remainder when 17 is divided by 6.
5
Calculate the remainder when 467 is divided by 91.
12
What is the remainder when 328 is divided by 79?
12
What is the remainder when 1953 is divided by 20?
13
Calculate the remainder when 609 is divided by 3.
0
What is the remainder when 725 is divided by 28?
25
What is the remainder when 410 is divided by 107?
89
What is the remainder when 731 is divided by 12?
11
What is the remainder when 7961 is divided by 7959?
2
What is the remainder when 258 is divided by 20?
18
What is the remainder when 850 is divided by 112?
66
What is the remainder when 1258 is divided by 97?
94
What is the remainder when 71 is divided by 18?
17
Calculate the remainder when 108 is divided by 21.
3
What is the remainder when 359 is divided by 119?
2
What is the remainder when 630 is divided by 358?
272
What is the remainder when 1303 is divided by 28?
15
What is the remainder when 13914 is divided by 20?
14
What is the remainder when 14103 is divided by 196?
187
What is the remainder when 889 is divided by 52?
5
What is the remainder when 635 is divided by 209?
8
What is the remainder when 104 is divided by 19?
9
Calculate the remainder when 2679 is divided by 72.
15
What is the remainder when 370 is divided by 54?
46
Calculate the remainder when 2213 is divided by 12.
5
What is the remainder when 19 is divided by 7?
5
Calculate the remainder when 220 is divided by 100.
20
Calculate the remainder when 2103 is divided by 583.
354
What is the remainder when 543 is divided by 14?
11
What is the remainder when 4829 is divided by 151?
148
What is the remainder when 